se 14) to base 5.
1344014412
1874aa (base 14) to base 9
1557857
Convert 10011001011110100000110 (base 2) to base 14.
94cab4
What is 43054243 (base 6) in base 7?
13525221
What is -3790 (base 14) in base 12?
-576a
What is -81b459 (base 12) in base 7?
-23156262
-12311203220 (base 4) to base 14
-349208
What is -901029 (base 11) in base 16?
-162345
Convert -40143523 (base 6) to base 16.
-114beb
What is -403205 (base 8) in base 12?
-64999
-43241424 (base 5) to base 12
-159210
What is 796800 (base 10) in base 11?
4a4714
148960a (base 11) to base 5
1122424413
What is 112022020022 (base 3) in base 13?
9b20a
What is 29429 (base 15) in base 3?
20201211210
What is -15983 (base 12) in base 3?
-1120012200
Convert -1200012002 (base 3) to base 16.
-80ae
-5650614 (base 9) to base 10
-3044803
1010110101010100001 (base 2) to base 5
42324402
What is 850300 (base 15) in base 7?
104536212
What is 1300234 (base 6) in base 3?
10120010111
32020320220 (base 4) to base 5
1422101113
What is -751a4 (base 13) in base 10?
-211215
2011212201202 (base 3) to base 2
100011010111100000010
Convert -6ac7 (base 13) to base 2.
-11101010111011
What is -b0204 (base 15) in base 7?
-4510603
a2777 (base 16) to base 12
281133
Convert -110010111111000000 (base 2) to base 11.
-132998
da8253 (base 16) to base 9
28845565
Convert 200410210 (base 6) to base 4.
30330003132
Convert -1b981b (base 14) to base 3.
-1212010111001
-4120400 (base 6) to base 2
-110000001000010000
What is 8683 (base 9) in base 13?
2baa
24b920 (base 13) to base 7
10334005
Convert 39ccd (base 16) to base 5.
30033444
-215300 (base 15) to base 14
-2d447b
What is -6bd63 (base 15) in base 12?
-147019
Convert -76657a (base 11) to base 7.
-13255111
2402443 (base 5) to base 12
2164b
Convert -21075411 (base 8) to base 5.
-2122103240
Convert -2842678 (base 9) to base 12.
-6349a5
Convert -24284 (base 10) to base 9.
-36272
-55480f (base 16) to base 11
-3178116
What is -2041a (base 14) in base 9?
-127446
What is -12712 (base 9) in base 8?
-20625
Convert 2203030 (base 5) to base 2.
1001010000000010
What is -11d175 (base 15) in base 4?
-3100203002
What is 1510b2 (base 13) in base 3?
222020102102
1020233312 (base 4) to base 2
1001000101111110110
What is 1480a (base 14) in base 10?
50970
Convert 9a6423 (base 15) to base 8.
34052420
Convert 279565 (base 11) to base 5.
102442434
What is -4615 (base 10) in base 8?
-11007
What is 26290b5 (base 12) in base 15?
9d8b9b
-35b3778 (base 12) to base 4
-213303332030
4564466 (base 7) to base 9
1058708
-743747 (base 9) to base 2
-1101100000000010000
What is -460664 (base 15) in base 14?
-63027c
7c619 (base 16) to base 12
2069b5
-308d (base 14) to base 2
-10000010100101
608d (base 14) to base 8
40315
Convert 184307 (base 12) to base 9.
712867
-3104143 (base 5) to base 9
-76304
806282 (base 9) to base 12
1b0062
-212a1 (base 16) to base 8
-411241
What is 9706 (base 13) in base 2?
101000111100010
What is -1100175 (base 9) in base 2?
-10010000001100101111
What is -5758a1 (base 11) in base 13?
-260903
24460434 (base 7) to base 3
11010202012100
-dde0c (base 16) to base 3
-1201011122201
1202201021 (base 3) to base 4
20133133
-30625560 (base 7) to base 2
-1001110101011101100011
What is -4a6a02 (base 11) in base 6?
-25050500
What is -c47ca9 (base 13) in base 4?
-101133330222
11100100001001111110 (base 2) to base 15
136d6b
22015676 (base 8) to base 4
102001232332
2000200020001 (base 3) to base 4
10012233013
-33112303100 (base 4) to base 14
-76b076
What is 55121 (base 13) in base 14?
40190
-7cfbc (base 16) to base 5
-112340212
Convert -2bab13b (base 13) to base 10.
-14047837
What is 2111201212122 (base 3) in base 5?
320131000
What is -1863c (base 16) in base 5?
-11144100
Convert -889543 (base 15) to base 9.
-13224160
What is -d10c (base 14) in base 16?
-8c28
What is -10000001111100100011 (base 2) in base 6?
-15224055
570225 (base 10) to base 16
8b371
d420e (base 16) to base 10
868878
17c34b0 (base 13) to base 2
11101101010011100000010
-156643 (base 8) to base 3
-2212211110
Convert 637314 (base 11) to base 16.
f9014
-11200020120000 (base 3) to base 7
-30056265
-110100010000100011111 (base 2) to base 14
-3280b5
Convert -101210101221 (base 3) to base 12.
-a2b2a
What is -733115 (base 14) in base 9?
-7275864
-38276 (base 11) to base 16
-d670
Convert -12038b (base 12) to base 7.
-2320640
-4044403 (base 5) to base 15
-14688
536342 (base 9) to base 12
134b3b
Convert -26331051 (base 8) to base 7.
-100651640
Convert 614534 (base 7) to base 10.
104885
What is 1111021201011 (base 3) in base 2?
11000001100101101100
What is -10121131011 (base 4) in base 9?
-2146350
Convert -5b466 (base 15) to base 7.
-2322054
What is 66263243 (base 8) in base 15?
13b6792
What is -69cc5 (base 14) in base 3?
-111002112002
1001111110010010001011 (base 2) to base 12
a60b77
-13112125 (base 6) to base 5
-102220321
-136254 (base 9) to base 10
-83317
-3156440 (base 9) to base 7
-20241525
-43979 (base 14) to base 11
-10204a
What is 143443101 (base 5) in base 7?
6335330
What is 11000000001100011011101 (base 2) in base 8?
30014335
Convert 2975448 (base 10) to base 12.
bb5aa0
102002011112002 (base 3) to base 7
101023451
Convert 3114245 (base 6) to base 7.
1163222
What is -100001001000010010011010 (base 2) in base 13?
-1a50c99
What is -131013131203 (base 4) in base 12?
-2681117
7574847 (base 9) to base 7
46356631
What is -76642 (base 9) in base 14?
-14745
What is -2533255 (base 6) in base 5?
-13334320
Convert -1101100010010011010 (base 2) to base 7.
-3525065
Convert 7184403 (base 11) to base 15.
11a8762
What is 88981 (base 16) in base 12?
22b941
190725 (base 11) to base 8
1075476
1b0b1 (base 13) to base 14
153a8
Convert -11221100 (base 5) to base 2.
-11000110000011000
Convert 1044033 (base 7) to base 9.
215423
23544b (base 12) to base 16
8af3b
What is 221304041 (base 5) in base 8?
3530715
What is -100110100110000110 (base 2) in base 9?
-260761
What is -167d48 (base 16) in base 4?
-11213311020
68043a (base 11) to base 16
108a39
What is 7117187 (base 9) in base 12?
1329a14
-101010101000011010101 (base 2) to base 8
-5250325
Convert 35196 (base 11) to base 3.
2120200122
What is 3342241 (base 5) in base 13?
20b6c
-12dde (base 16) to base 15
-17d6d
What is -bb996 (base 14) in base 7?
-3602346
What is -11115354 (base 7) in base 16?
-eaefd
What is 1382532 (base 10) in base 5?
323220112
What is -727330 (base 8) in base 9?
-407076
14291a (base 14) to base 11
437aa0
Convert -611418 (base 13) to base 14.
-42b485
-1002792 (base 11) to base 7
-21042266
What is 1313040 (base 5) in base 16?
65a4
87a27 (base 12) to base 16
2bcff
Convert -3040503 (base 6) to base 4.
-203132313
-515452 (base 11) to base 8
-3117324
5e52c (base 15) to base 9
508566
-12994a2 (base 11) to base 7
-25010542
10111000100110010100 (base 2) to base 6
24112312
Convert 1100001000111111001 (base 2) to base 11.
251982
-200011001122 (base 3) to base 2
-1010111001110000110
Convert -1312234033 (base 5) to base 15.
-440d63
101100010001000011001000 (base 2) to base 9
23745830
Convert d27e9 (base 15) to base 8.
2426055
-8b7078 (base 12) to base 15
-2e1045
What is -21404814 (base 9) in base 12?
-3566194
What is c9aa70 (base 13) in base 10?
4736316
What is 28355b (base 14) in base 6?
45501405
Convert d1872 (base 16) to base 11.
536886
Convert 3415540 (base 6) to base 3.
22211012120
-209c8 (base 13) to base 7
-333310
-13413413 (base 6) to base 8
-1564761
What is 356219 (base 11) in base 3?
1001200111100
What is 11543123 (base 7) in base 9?
1848018
What is 109393 (base 14) in base 12?
231b45
What is 56501 (base 7) in base 12?
8345
Convert 1106023 (base 7) to base 16.
21553
-10101011111001101 (base 2) to base 10
-88013
Convert 11a88d (base 14) to base 10.
605373
Convert 14032341 (base 7) to base 16.
13debc
Convert -301222013102 (base 4) to base 3.
-220111100201122
What is -20111010101 (base 3) in base 13?
-46156
Convert 1cc25c5 (base 14) to base 16.
dc8171
Convert -201133234 (base 5) to base 11.
-4a8881
Convert 100000011100001001 (base 2) to base 6.
2503053
What is 243453142 (base 6) in base 12?
16871b2
Convert -8157818 (base 10) to base 5.
-4042022233
8301642 (base 9) to base 13
bc1479
What is -123145 (base 10) in base 3?
-20020220221
What is f8d94 (base 16) in base 10?
1019284
What is -213aa7 (base 11) in base 